, 29, 5197
List the prime factors of 3483660897.
3, 229, 1690277
What are the prime factors of 204752852?
2, 41, 1248493
List the prime factors of 1280941666.
2, 47, 289937
List the prime factors of 4560325979.
11, 414575089
What are the prime factors of 97591942?
2, 7, 19, 181, 2027
What are the prime factors of 7155555195?
3, 5, 477037013
What are the prime factors of 113020990?
2, 5, 59, 191561
What are the prime factors of 1544434188?
2, 3, 11, 1187, 9857
What are the prime factors of 434602363?
13, 33430951
List the prime factors of 86648181.
3, 647, 44641
What are the prime factors of 1183625813?
1183625813
List the prime factors of 33517603.
7, 31, 154459
List the prime factors of 13308270.
2, 3, 5, 443609
What are the prime factors of 163274353?
11, 19, 781217
List the prime factors of 327070154.
2, 5531, 29567
List the prime factors of 29998966.
2, 739, 20297
What are the prime factors of 25023652?
2, 6255913
List the prime factors of 3767169.
3, 7, 523
List the prime factors of 92838672.
2, 3, 23, 28031
List the prime factors of 1922892671.
7, 1471, 186743
What are the prime factors of 379932639?
3, 126644213
List the prime factors of 27200396.
2, 6800099
List the prime factors of 102040249.
599, 170351
What are the prime factors of 18247938?
2, 3, 47, 64709
What are the prime factors of 165713248?
2, 97, 197, 271
What are the prime factors of 1960627273?
11, 29, 6146167
What are the prime factors of 40924921?
47, 870743
What are the prime factors of 9366791?
7, 19, 10061
What are the prime factors of 155629131?
3, 7, 79, 93809
List the prime factors of 2140391234.
2, 401, 727, 3671
What are the prime factors of 58513634?
2, 29256817
List the prime factors of 120815473.
120815473
What are the prime factors of 96000445?
5, 17, 19, 59443
What are the prime factors of 1389615050?
2, 5, 41, 83, 8167
What are the prime factors of 206723353?
41, 5042033
List the prime factors of 929776373.
11959, 77747
What are the prime factors of 4375812694?
2, 11, 198900577
What are the prime factors of 30808134?
2, 3, 7, 149, 547
What are the prime factors of 260175677?
79, 3293363
List the prime factors of 3535280993.
311, 11367463
List the prime factors of 10218190.
2, 5, 17, 60107
List the prime factors of 154398093.
3, 51466031
What are the prime factors of 729486331?
7, 23, 2053, 2207
What are the prime factors of 123065267?
13, 613, 15443
What are the prime factors of 1826634552?
2, 3, 76109773
List the prime factors of 15582143.
37, 151, 2789
List the prime factors of 755654378.
2, 377827189
List the prime factors of 92210079.
3, 13, 2364361
What are the prime factors of 5564589174?
2, 3, 37, 8355239
List the prime factors of 187829488.
2, 7, 11, 152459
What are the prime factors of 3373612306?
2, 1686806153
List the prime factors of 192761723.
7, 11, 757, 3307
List the prime factors of 38647468.
2, 9661867
List the prime factors of 4018222.
2, 13, 17, 9091
What are the prime factors of 620807107?
620807107
List the prime factors of 262618577.
13, 23, 29, 31, 977
List the prime factors of 4004228693.
7307, 547999
What are the prime factors of 579048786?
2, 3, 167, 192631
What are the prime factors of 74283623?
74283623
What are the prime factors of 3866894516?
2, 19, 277, 183683
List the prime factors of 532850911.
532850911
List the prime factors of 3288459.
3, 101, 10853
What are the prime factors of 9408900269?
6991, 1345859
List the prime factors of 224846766.
2, 3, 1387943
List the prime factors of 86345383.
29, 37, 80471
What are the prime factors of 1658456459?
11, 167, 902807
What are the prime factors of 68763258?
2, 3, 3820181
What are the prime factors of 13081056?
2, 3, 136261
What are the prime factors of 416164368?
2, 3, 1583, 5477
What are the prime factors of 938484838?
2, 469242419
List the prime factors of 376569935.
5, 7, 149, 163, 443
List the prime factors of 319771259.
41, 7799299
List the prime factors of 256391325.
3, 5, 126613
What are the prime factors of 1108400378?
2, 19, 61, 478171
What are the prime factors of 551752819?
23, 1043011
List the prime factors of 1879104393.
3, 23, 59, 51287
What are the prime factors of 97520519?
233, 571, 733
What are the prime factors of 1423668296?
2, 177958537
What are the prime factors of 4695986?
2, 1061, 2213
What are the prime factors of 1463911864?
2, 182988983
List the prime factors of 453196359.
3, 7, 11, 653963
List the prime factors of 32543692.
2, 59, 73, 1889
What are the prime factors of 40049484?
2, 3, 17, 137, 1433
What are the prime factors of 535608670?
2, 5, 19, 37, 61, 1249
List the prime factors of 423277705.
5, 3583, 23627
What are the prime factors of 1106684414?
2, 11, 53, 949129
List the prime factors of 306324822.
2, 3, 51054137
What are the prime factors of 112711401?
3, 11, 19, 59921
List the prime factors of 306924959.
11, 27902269
List the prime factors of 251439152.
2, 179, 87793
List the prime factors of 2673411909.
3, 7, 127305329
What are the prime factors of 2941017?
3, 17, 57667
What are the prime factors of 96686508?
2, 3, 151, 53359
What are the prime factors of 65873748?
2, 3, 23, 238673
What are the prime factors of 617358184?
2, 19, 4061567
List the prime factors of 650689415.
5, 130137883
List the prime factors of 31057445.
5, 6211489
List the prime factors of 1433790521.
19, 3121, 24179
List the prime factors of 1526753189.
13, 19, 6181187
List the prime factors of 3436833108.
2, 3, 1901, 150659
List the prime factors of 299196173.
19, 179, 87973
What are the prime factors of 1427143643?
281, 1619, 3137
What are the prime factors of 222329080?
2, 5, 29, 137, 1399
List the prime factors of 85559181.
3, 17, 1677631
List the prime factors of 46419087.
3, 11, 13, 108203
What are the prime factors of 223288369?
223288369
What are the prime factors of 345783492?
2, 3, 613, 1741
What are the prime factors of 8868980714?
2, 11, 191, 2110657
List the prime factors of 60781461.
3, 13, 97, 16067
What are the prime factors of 443193926?
2, 7, 47, 96221
List the prime factors of 118625898.
2, 3, 17, 191, 6089
What are the prime factors of 87313752?
2, 3, 809, 1499
List the prime factors of 33778555.
5, 109, 61979
List the prime factors of 27960068.
2, 6990017
What are the prime factors of 865316293?
61, 181, 433
List the prime factors of 4095989266.
2, 31, 73, 701, 1291
What are the prime factors of 99762841?
37, 107, 113, 223
List the prime factors of 541888606.
2, 7, 29, 37, 36073
List the prime factors of 374629555.
5, 19, 207551
What are the prime factors of 531300283?
16879, 31477
What are the prime factors of 56300116?
2, 19, 127, 307
What are the prime factors of 371569509?
3, 41285501
List the prime factors of 662144979.
3, 193, 1143601
What are the prime factors of 239498578?
2, 11, 10886299
List the prime factors of 1520980917.
3, 79, 101, 63541
What are the prime factors of 163079276?
2, 37, 661, 1667
List the prime factors of 416478544.
2, 26029909
List the prime factors of 630110314.
2, 315055157
What are the prime factors of 25451011?
25451011
What are the prime factors of 15257956?
2, 7, 544927
What are the prime factors of 71861514?
2, 3, 43, 71, 3923
List the prime factors of 41184307.
41184307
List the prime factors of 4100322087.
3, 151863781
What are the prime factors of 196168486?
2, 3433, 28571
What are the prime factors of 614387384?
2, 13, 47, 125693
What are the prime factors of 41781659?
41781659
List the prime factors of 78041218.
2, 39020609
List the prime factors of 4484960477.
47, 95424691
What are the prime factors of 982665218?
2, 19, 31, 834181
List the prime factors of 305949957.
3, 2767, 36857
List the prime factors of 16836336.
2, 3, 11, 1181
What are the prime factors of 90107900?
2, 5, 901079
What are the prime factors of 1273246146?
2, 3, 37, 601, 3181
What are the prime factors of 8598837489?
3, 11, 61, 353, 12101
List the prime factors of 550510044.
2, 3, 7, 811, 8081
List the prime factors of 99676952.
2, 2687, 4637
List the prime factors of 1797556729.
937, 1918417
List the prime factors of 502051956.
2, 3, 7, 17, 20681
List the prime factors of 473808506.
2, 1019, 232487
What are the prime factors of 27138643?
7, 23, 59, 2857
List the prime factors of 514914881.
13, 163, 242999
What are the prime factors of